149400 = 5419*p - 5401*p. What is the tens digit of p?
0
Let i be ((-294)/24)/(1/(-4)). Let s = -14 + 79. Suppose 54*j - s = i*j. What is the tens digit of j?
1
Suppose g = -297 + 301. Suppose -1569 = -3*a - 5*o - 444, 2*a - 728 = g*o. What is the hundreds digit of a?
3
Suppose 0 = -177*l + 86*l + 682773. What is the thousands digit of l?
7
Let u(q) = -155*q + 1503. What is the thousands digit of u(-43)?
8
Suppose 78385 = -198*a + 614965. What is the units digit of a?
0
Let z = 3482 + -1236. What is the units digit of z/4 + (-15)/(-30)?
2
Let n(o) = -44*o + 1. Let w = -108 + 185. Suppose 50 = 9*a + w. What is the tens digit of n(a)?
3
Let h(z) = -z**2 + 6*z + 74. Let o be h(12). Suppose -o*k - 89 = -t, -2*t + 5*k = -280 + 107. What is the units digit of t?
9
Suppose -16*y - 84 = -2*y. Let n be (1*(1 - 0))/(y/24). What is the tens digit of -8*(n + (4 - 3))?
2
Let f = -385 + -753. Let a = -676 - f. What is the hundreds digit of a?
4
Let t = 15 - 14. Let a(z) = 3*z - 4. Let f be a(t). What is the hundreds digit of 741/5 - f/(-5)?
1
Let z(x) = -111 - 2499*x + 15 + 2549*x + 14. What is the units digit of z(19)?
8
Let s(z) = -z**2 + 19*z + 76. Let o be 429/22*(-4)/(-3). Let r be s(o). Let p = 278 + r. What is the hundreds digit of p?
1
Let d(o) = -2*o**3 + 13*o**2 - 2*o + 1. Let p be d(5). What is the tens digit of (p - 61) + 659*(1 + 0)?
6
Let k(y) = 2*y**3 + 7*y**2 - 190*y - 87. What is the thousands digit of k(28)?
3
Let v be (1 + 0)*633 - 2 - 3. Suppose -v = -u - 128. What is the tens digit of u?
0
Let n(d) = -14080*d**3 + 11*d**2 + 4*d - 3. What is the tens digit of n(-1)?
8
Suppose 2*h - 2*x = x - 1, 0 = h - 2*x + 2. Suppose -2*g - h*w = -1094, -7*g + 2164 = -3*g - 4*w. What is the units digit of g?
3
Let t = 46830 + 10392. What is the thousands digit of t?
7
What is the tens digit of (7 + 515/15)*(-468)/(-8)?
1
Let v be (10/15)/(3/(-108)). What is the hundreds digit of 383 - v/15*10/(-4)?
3
Let s be ((-12)/5)/2*-5. Let d be (-32)/(-12) - (1 - 2/s). What is the hundreds digit of 0 - d/(-3) - 926/(-6)?
1
Let h(u) = 3*u**2 - 17*u + 10. Let d be h(-5). Let f = d - -440. What is the tens digit of f?
1
Let f(g) be the first derivative of -7*g**2/2 + 19*g + 11. Let m be f(-11). Let j = m + 7. What is the hundreds digit of j?
1
Let w be 2 + 26 + (2 - 3). What is the hundreds digit of 18/w*(456 - 3)?
3
What is the tens digit of -19 + 18 - (-25860)/8*2?
6
Suppose 0 = 3*r, 0 = 5*g - 3*r - 61 - 69. Let c = 7 + g. What is the units digit of c?
3
Suppose 2*u + 3*a = 957, a - 1899 = -5*u + u. Suppose 480*l - u*l = 48. What is the units digit of l?
8
Suppose 3*v = -p + 23781, 31*v = 2*p + 28*v - 47526. What is the thousands digit of p?
3
Let x(h) = 126*h + 790. Let s(o) = 42*o + 263. Let p(y) = 7*s(y) - 2*x(y). What is the units digit of p(15)?
1
Let q(n) be the first derivative of -n**4/4 - 22*n**3/3 - 4*n**2 + 34*n - 4. Let m be q(-22). Suppose -9*y + m = -6*y. What is the tens digit of y?
7
Let q be 2/(-4)*((-24)/4 + -186). Let o = 98 - q. Suppose 3*z + t = 4 + 55, o*t - 98 = -5*z. What is the units digit of z?
0
Suppose 3*k = 2*p + 48029, 2*k - 86*p = -91*p + 32051. What is the thousands digit of k?
6
Suppose h - 3652 = -k + 1941, 3*h + 5*k = 16781. What is the tens digit of h?
9
Suppose -3*m = 2*o - 33204 + 2702, -3*o = -4*m + 40709. What is the thousands digit of m?
0
Suppose -31389 - 80843 = -42*r + 136114. What is the hundreds digit of r?
9
Let p(h) = -h**3 + 18*h**2 + 15*h + 6. Let t be p(14). Suppose 4*o + 216 - t = 0. What is the hundreds digit of o?
1
Let w be ((-99)/6 + -1)*-2. Suppose -13*o = 7*o - 20000. Suppose -40*g = -w*g - o. What is the units digit of g?
0
Suppose -7*h + 22*h - 60441 = 220329. What is the hundreds digit of h?
7
Let a(v) = -v**3 + v**2 + 2. Let y be a(2). Let q(w) be the third derivative of -3*w**4/4 - 30*w**2. What is the units digit of q(y)?
6
Suppose -5*p = 4*q + 47, -5*q = 4*p + 27 + 16. Let v(z) = z**3 + 11*z**2 + 22. What is the tens digit of v(p)?
1
Let z(y) = 2*y**2 + 19*y + 46. Let f be z(-6). Suppose -3*l = -3*n + 1371, -f*l - 406 - 54 = -n. What is the tens digit of n?
5
Let x = 6465 - 4583. What is the hundreds digit of x?
8
Let u = -24182 + 25639. What is the hundreds digit of u?
4
Suppose -12 = -3*c, -792 = 4*x - 2*c + 5*c. Let i = x - -580. What is the units digit of i?
9
Let u(i) = 1943*i + 2493. What is the hundreds digit of u(5)?
2
Let t(w) = w**3 + 4*w**2 - 25*w - 40. Let a be t(-5). Let s be (15/4)/(1/(-4)). Let n = a + s. What is the units digit of n?
5
Let i(u) = 657*u**2 - 29*u - 211. What is the hundreds digit of i(-8)?
0
Let l be (6/96*8)/(2/20). Suppose 4*j = -8*w + 3*w, 25 = -l*j. What is the units digit of w?
4
Let t(o) = 3*o**3 - 11*o**2 + 29*o - 149. What is the hundreds digit of t(7)?
5
Let q(x) = -x**3 - 4*x**2 - 5*x - 6. Let d be q(-2). Let k be (-2)/(2/100*d). Let i = k - -13. What is the units digit of i?
8
Suppose d - 4*g = -543, -3*g + 442 + 1178 = -3*d. What is the tens digit of 3/18 + (d/(-6) - -1)?
9
Let g = 909 - 591. Let x = 43 + -234. Let p = g + x. What is the units digit of p?
7
Suppose -5*y - 3 = -33. Let a(g) = 4*g**2 + 11*g - 21. What is the tens digit of a(y)?
8
Let i = 128768 + -79424. What is the units digit of i?
4
Suppose -8*u = -19*u + 345*u - 9547390. What is the tens digit of u?
8
Let j = 81674 + -31807. What is the tens digit of j?
6
What is the units digit of 1/((-1)/6) - (4 - -814)*-98?
8
What is the hundreds digit of -1 + 2 + 78/7*(-166 + 2833)?
7
Suppose l - u = 32896, 2*u = 182*l - 187*l + 164501. What is the thousands digit of l?
2
Let g(s) = 163*s**2 + 36*s + 73. What is the tens digit of g(-9)?
5
Let l = 3477 - -5978. What is the hundreds digit of l?
4
Let f(j) = -2*j**2 - 2 + 4*j**2 + 1 + 0. Let c be f(1). What is the tens digit of c/(-1)*(-101 - -4)?
9
What is the thousands digit of -2*9697*8/(-20) - (-28)/70?
7
Let v(x) = 2*x**2 - 3*x - 6. Let p be v(9). Let g = p - 25. Suppose 4*m - g = 264. What is the units digit of m?
2
Let f = 8435 + -7841. Let z be (-8)/(-2)*(-1)/(-2). Suppose -f = -q - z*q. What is the units digit of q?
8
What is the hundreds digit of (((-295141)/28)/11 - 5)*-40?
5
Let w be (1 + (-12)/8)*(0 + 0). Suppose 2*y - 930 = -2*l, 3*l = -w*l - y + 1391. What is the hundreds digit of l?
4
Let w(o) = o**3 + 21*o**2 - 81*o - 510. What is the hundreds digit of w(-16)?
0
What is the thousands digit of 283/((-2)/(-8) - (-451)/(-2132))?
7
Suppose 6*m - 9*m + 45 = 5*j, -j + 5*m + 9 = 0. What is the hundreds digit of (24/j)/4*5535/30?
1
Let y(z) = -z**2. Let k(p) = 92*p**2 + 13*p + 28. Let i(j) = k(j) + 3*y(j). What is the tens digit of i(-3)?
9
Let r(b) = -11*b**2 - 44*b - 96. Let w(k) = 4*k**2 + 15*k + 32. Let t(x) = -3*r(x) - 8*w(x). Let y be t(-7). What is the units digit of y*1 + (196 - (-8)/2)?
7
Let b(k) = k**3 + 4*k**2 - 48*k - 25. Let i be b(-9). Suppose -5*x - 523 + 97 = -2*o, -2*o + i*x = -426. What is the units digit of o?
3
Let j(k) = 30576*k**3 + 30*k - 31. What is the hundreds digit of j(1)?
5
Suppose -4*k - 5206 = 2*u + 3*u, -4172 = 4*u - 4*k. Let o = u + 2024. What is the hundreds digit of o?
9
Suppose 0 = 15305*l - 15312*l + 233436. What is the ten thousands digit of l?
3
Suppose -20 = -5*t, 2*m - m + 4*t - 21 = 0. Suppose -m*o - 187 = -6*o + 3*r, -5*r - 177 = -o. What is the hundreds digit of o?
2
Suppose -9*q - 9*q + 158100 = 12*q. What is the units digit of q?
0
Let d = 11377 - -6818. What is the tens digit of d?
9
What is the thousands digit of 6619 - ((-8)/24)/(-4 - 13/(-3))?
6
Let f be (3 - 1)*(-19 - -21). Let n be (-1)/(f/(-24)*3). Suppose c + 202 = 5*u, -4*c + 0*c + 94 = n*u. What is the tens digit of u?
4
Let d be (-12)/2 + (7 - (-1)/(-1)). Let y(x) = 46*x + 1208. What is the thousands digit of y(d)?
1
Let y be (-9 + 7)/(-1 + 1 - -2). What is the units digit of 72*(y - (0 + -2))?
2
Let i(r) = -5*r - 174. Let u be i(0). Let n = 88 + u. Let p = 143 + n. What is the tens digit of p?
5
Let q = 223 + 309. Let j = 832 - q. What is the units digit of j?
0
Suppose t + 2*a = 10, -t - a = -6*a + 25. Let k be ((-4)/(-4)*t)/((-6)/3). Suppose k = 5*h + 4*h - 288. What is the tens digit of h?
3
Suppose -125614 = -136*i + 56626. What is the hundreds digit of i?
3
Let t(z) = z**3 - 13*z**2 - 2*z - 58. Let f = 817 - 800. What is the hu